of z and x.
7
Let l(i) = -i**3 + 9*i**2 - 7*i + 3. Suppose -2*c = 2*k - 22, 5*k - 2*k + 5*c = 39. Let s be l(k). Calculate the highest common divisor of 55 and s.
11
Let i be (-2 - (-136)/4) + 0. Let s = 8 + -5. Suppose -f - z + 316 = 3*f, -s*z - 332 = -4*f. Calculate the highest common factor of f and i.
16
Suppose 2*n - 8 = -2*n, -2*v - 3*n = 12. Let x = 15 + v. Let f be 114/(-4)*(-4)/x. Calculate the greatest common factor of f and 152.
19
Let d = 22 + -19. What is the highest common divisor of d and 24?
3
Suppose 0 = 4*l + 16, -3*k - 3*l + 64 = 7. Calculate the greatest common factor of 115 and k.
23
Let v be ((-66)/(-15))/((-8)/(-20)). What is the highest common divisor of 11 and v?
11
Let x = 4 - -6. Let c be ((-6)/8)/((-27)/72). Calculate the greatest common factor of c and x.
2
Suppose 3*l + 2*s - 8 - 2 = 0, -13 = -4*l - 3*s. Calculate the highest common factor of l and 36.
4
Let c be (-5)/2*-4*2. Let o be 33*(-3 - c/(-6)). Calculate the highest common divisor of o and 99.
11
Let m(t) = 5*t**2 + 3*t + 4. Let z be m(5). Calculate the highest common factor of z and 16.
16
Let r = -32 + 74. What is the greatest common factor of r and 28?
14
Let n be 2/2 + (3 - 0). What is the highest common divisor of n and 44?
4
Let l be (60/16 - -1) + 1/4. Calculate the greatest common factor of l and 2.
1
Suppose 5*q - 4*r + 0*r - 45 = 0, -5*r + 38 = q. Suppose -3*l + 2*l - 3*h = -13, -4*h = -5*l + 65. Calculate the greatest common factor of l and q.
13
Let r = -42 + 44. What is the greatest common divisor of r and 3?
1
Suppose 0 = 119*q - 125*q + 150. What is the greatest common divisor of 125 and q?
25
Let b = -24 + 40. Calculate the greatest common divisor of b and 24.
8
Let p = 168 + -156. Calculate the highest common factor of p and 12.
12
Suppose 5*o - 46 = a, -o - a + 12 = -2. What is the highest common factor of o and 40?
10
Let h be 3 + -2 + 6/3. Suppose l = -0*l + a + 27, 2*l = -h*a + 39. Calculate the greatest common divisor of l and 60.
12
Suppose 0 = 6*f - 89 + 5. Calculate the highest common divisor of f and 21.
7
Let a be 1/(-2) - (-3)/6. Suppose a = -5*s + s + 120. Calculate the highest common factor of s and 12.
6
Suppose 0 = 2*u - 0*u - 134. Suppose 3*a = 3*f + 4*a - u, a + 125 = 5*f. Let v be -2*1*72/(-4). What is the highest common divisor of f and v?
12
Suppose 2*o - 17 = 3. Suppose i - 4*i + 9 = 0, 23 = 2*c - 5*i. Suppose -z + 6 = t - 1, 2*t = -3*z + c. Calculate the highest common divisor of o and z.
5
Let t be (-1 + -1)/(-1 - 395/(-405)). What is the greatest common divisor of t and 3?
3
Suppose 4 = -2*l, 0*h + 4*h - 18 = -5*l. What is the greatest common divisor of h and 28?
7
Let a be 12/3 + -6 - -12. Calculate the highest common factor of a and 110.
10
Let g be 0/((6 - 3) + -2). Suppose k + g*k - 5 = 0. Suppose -k*h + 18 + 7 = 0. Calculate the highest common factor of h and 5.
5
Let g(y) = -y**3 + 7*y**2 - 1. Let u be g(3). Let l = 5 - -2. What is the greatest common factor of l and u?
7
Let z = -203 + 320. What is the greatest common divisor of z and 13?
13
Let r be (0 + 4)*(-70)/(-8). Suppose 0 = -0*z + 4*z + 3*t - 28, 14 = z - t. Suppose -3*q + q = -z. What is the highest common divisor of r and q?
5
Let a be 1*(-3 - -2 - -2). Suppose w = -w + 8. Suppose -c + k + 4 = 3, -5*c + w*k = -7. Calculate the highest common factor of a and c.
1
Let k = 110 + -64. Suppose 3*v - k = -0*v - 2*p, 0 = -v - 2*p + 14. Suppose 3*j - 1 + 0 = r, -v = -3*j - 2*r. Calculate the highest common divisor of j and 6.
2
Let n(z) = -16*z**2 - z + 1. Let k be n(1). Let u = -5 - k. Calculate the greatest common factor of u and 33.
11
Let q(g) = -g**2 - 4*g + 1. Let m be q(-5). Let p be (1274/21)/(m/(-6)). Calculate the highest common factor of 13 and p.
13
Suppose -3*m = -5*m. Suppose m = -4*k + 75 - 27. What is the highest common divisor of k and 18?
6
Let l be 0 + 0 + -1*2. Let d be l + 2 - (-2 + -22). Suppose -2*c = 3*c, z = -5*c + 4. What is the greatest common factor of d and z?
4
Let g be (-105)/(-5) + (1 - 1). Let x = 0 - 3. Let n = x + g. What is the highest common divisor of n and 144?
18
Let d = 57 + -35. Let f(t) = 11*t**3 - t + 1. Let n be f(1). What is the greatest common factor of n and d?
11
Suppose 2*u - 7*u + 15 = 0. Suppose -p = 2*x + 1 - 20, -x + 2*p = u. Let v be (13 + -1)*28/6. Calculate the greatest common divisor of x and v.
7
Let c = -182 - -186. Let h = -11 - -19. Calculate the highest common divisor of c and h.
4
Let a be 0/(-2) - (-67 + -1). Let c be (a/6)/(2/6). Let d = c + -10. What is the highest common factor of d and 8?
8
Let d = -3 + 3. Suppose -j + 6 + 24 = d. What is the highest common factor of 15 and j?
15
Let a be 9/(-6) - 351/(-18). Calculate the highest common factor of 198 and a.
18
Suppose 0 = 3*m - 3*b - 336, -3*m + 5*b - 3*b + 336 = 0. What is the highest common divisor of m and 16?
16
Let q be 10744/9 - (-16)/72. Let u be 8/(-44) - q/(-33). Calculate the greatest common factor of 54 and u.
18
Let w be -1 + 18 + (-1)/(-1). Let t = w - -14. Suppose 3*j - t - 10 = 0. Calculate the highest common factor of j and 7.
7
Let d(t) = -t + 5. Let v be d(0). Let r = -5 + 8. Suppose z = -r*j + 3*z + 31, v*z + 28 = 2*j. What is the highest common factor of j and 18?
9
Let v be ((-12)/(-16))/((-2)/(-16)). Suppose -v*z + 5*z = -9. Calculate the greatest common divisor of 72 and z.
9
Suppose -3*b = -b - 16. Calculate the highest common factor of b and 2.
2
Suppose -11*c = -9*c - 70. Calculate the highest common divisor of c and 140.
35
Let q = 65 - 35. Let f = -49 + 94. What is the greatest common divisor of f and q?
15
Let b be (-22)/(-4) - 1/(-2). Suppose 4*r - 7*r - 3*d + 42 = 0, 4*d - 8 = 0. What is the greatest common factor of b and r?
6
Suppose 4*y = -0*y + 12. Suppose p - 237 = y*v - 5*v, 5*p = v - 146. What is the greatest common factor of v and 11?
11
Suppose 20 = b - 2*w, -7*w + 5*w + 124 = 5*b. Calculate the greatest common divisor of b and 6.
6
Let a = 40 - 22. Let u(i) = -i**3 + 5*i**2 - 2*i. Let m be u(5). Let w be (12/m)/(1/(-10)). Calculate the greatest common divisor of w and a.
6
Suppose -n - 4 = n. Let m be n + -1 + 2 + 2. What is the highest common factor of m and 11?
1
Let n(r) be the third derivative of -r**5/60 + r**4/3 - r**3 - r**2. Let a be n(7). Let l be -4 + 2 + 8/2. What is the greatest common divisor of a and l?
1
Let w(s) = 75*s**2 + 2*s - 3. Let i be w(2). Calculate the greatest common divisor of i and 43.
43
Let r = -18 + 42. Let j be (-358)/(-4) + 12/r. Calculate the highest common divisor of 18 and j.
18
Suppose 3*n = 2*w - 10, 5*w - n - 3*n = 11. Let c be ((-2)/w)/((-2)/(-8)). Let i = -5 + 9. What is the greatest common divisor of i and c?
4
Let x = -18 - -102. Let d = 0 + 12. Calculate the highest common factor of x and d.
12
Let r(g) = -1 + 7 - 3*g + 2*g. Let a be r(0). Let b = -4 + 19. Calculate the highest common divisor of b and a.
3
Let k = 870 + -758. Suppose -4*b = -4 - 0. Suppose -26 = -5*i - b, -28 = -3*f + 4*i. Calculate the greatest common divisor of f and k.
16
Suppose -2*u = a - 16, 4*u = -1 + 9. Calculate the greatest common factor of a and 132.
12
Let m = 93 - 80. Calculate the greatest common divisor of 91 and m.
13
Suppose -m + 200 = 4*v + m, -2*v + 100 = -2*m. Let y = -22 + 42. Calculate the highest common factor of y and v.
10
Let a be (-5 - -4)*(-2 + 1). Let l = a + 26. What is the greatest common factor of l and 3?
3
Let d be (5*-1)/(338/68 - 5). Calculate the highest common factor of d and 10.
10
Suppose 4*d - d + 5*i = 251, 3*d = 2*i + 223. Calculate the highest common factor of 11 and d.
11
Let h be 20/3*(-9)/(-6). Suppose -5*f = -5, 0 = -0*j + j + 5*f - h. What is the highest common factor of j and 40?
5
Let m(o) = 8*o**2 + 4*o - 6. Let n be m(-8). Let p = n - 298. Suppose 4*l + w = 65, 4*w - 35 = -5*l + 49. Calculate the greatest common factor of l and p.
16
Let w be (-8)/(-12) + (-2296)/(-21). What is the highest common divisor of w and 44?
22
Suppose 5*z - 89 = 51. Calculate the greatest common divisor of z and 70.
14
Suppose 4*o = -3*c + 129, 4*o + 2*c - 96 = o. Let q(x) = x + 7. Let h be q(-5). Suppose -5*v = -h*v - o. What is the greatest common divisor of v and 50?
10
Suppose -7 = -4*k + 57. Suppose 0 = -5*r - 3*t + 409, 2*r - 3*t = -2*r + 311. What i